= -13*k + 24. Suppose -4*p + 4 = k*a, 4*a = p + 2*a - 13. Let t(c) = c**3 - 5*c**2 - 2*c + 3. Determine t(p).
-7
Let j(i) = 6*i - 1. Let s(w) = -6*w - 4*w + 11*w + 0*w. Let x(k) = -j(k) + s(k). Calculate x(-1).
6
Let b = -17 + 24. Let o(m) = -2*m**2 + 15*m - 3. Give o(b).
4
Let w(a) = -a. Let z be ((-7)/(-3) - 2) + 300/(-36). Calculate w(z).
8
Let r(x) = 2*x**3 + x**2 - 2*x - 3. Suppose 4*j - 3 = 7*j. Let d(k) = -k**3 - k**2 + k + 1. Let w(v) = j*r(v) - 3*d(v). Suppose -5*l = -2*l + 9. Calculate w(l).
-6
Let z be -17 - -4 - (9 - 16). Let o(h) = -h**3 - 6*h**2 - 2. What is o(z)?
-2
Suppose 4*t + 14 = i + 36, -2*i - 20 = -2*t. Let z(y) = -y**3 + 2*y. Let m(x) = 7*x**3 + 6*x**2 - 11*x + 5. Let a(o) = m(o) + 6*z(o). Determine a(i).
-1
Suppose 0 = 4*i - 1 + 5. Let p = -69 - -72. Let d be i - (p + 1)*1. Let r(w) = -w**3 - 5*w**2 + 2. Calculate r(d).
2
Let s(k) = 5*k**2 - 2*k + 1. Let m(x) = x**2. Let g(t) = 6*m(t) - s(t). Suppose -15 = -5*o - 3*v + 15, -35 = -5*o - 4*v. Suppose 12 = -w - o*w. Give g(w).
2
Suppose -6*y - 30 = -24*y + 42. Let j(n) be the first derivative of n**4/4 - 4*n**3/3 - 3*n**2/2 + 3*n - 1. Give j(y).
-9
Let m(p) = -2*p - 5. Let h = -17 + 11. What is m(h)?
7
Let r(t) be the second derivative of -t**7/840 + t**6/72 + t**5/120 - t**4/8 + 5*t**3/6 + 9*t. Let s(w) be the second derivative of r(w). Determine s(5).
2
Suppose 11*b + 5 = 10*b. Let i(y) = -2*y**2 + 2*y + 3. Suppose -4*z = -0*z + 12. Let a(d) = -d**2 + 3*d + 3. Let s(g) = z*a(g) + 2*i(g). What is s(b)?
-3
Let g(t) = 4 - 2*t - t**2 - t + 6*t + 0*t. Suppose -4*d = 2*j - 6, 6*j - 2*j + d - 12 = 0. What is g(j)?
4
Let z(a) be the third derivative of a**6/120 + a**5/12 - a**4/12 - 5*a**3/6 - 60*a**2 - 8*a + 3. Suppose 2*b = 3*b - f, 0 = 2*b + 3*f + 25. Determine z(b).
5
Let w be -12 - 4*(6 - 7). Let l(t) = 7*t**3 + 11*t**2 + 5*t + 18. Let n(i) = 3*i**3 + 6*i**2 + 2*i + 9. Let s(x) = -2*l(x) + 5*n(x). What is s(w)?
9
Let w(k) = k**3 - k**2 + k - 11. Suppose -11*a - 18*a = 14*a. Give w(a).
-11
Let h(f) = -4*f - 12. Suppose 3*o = 5*l + 4, 10*l - 14*l = -4*o. What is h(l)?
-4
Let h(i) be the second derivative of 5*i**3/6 - 45*i**2/2 - 114*i. What is h(10)?
5
Suppose -2*h - 8 = 2*h. Let n(t) be the second derivative of -t**5/20 - t**4/6 + t**3/6 - t**2 - 51*t - 1. Give n(h).
-4
Suppose -599 = -17*m - 4. Suppose 42*u - 37*u = -m. Let z(q) = -q**3 - 7*q**2 + 3*q + 4. Give z(u).
-17
Let u(h) be the third derivative of -h**4/24 - h**3 - 4*h**2 - 389*h. Suppose -2*o - 10 + 5 = 3*b, -55 = 4*o - 3*b. Calculate u(o).
4
Let o(i) = -2*i + 4. Let h(d) = d - 3. Suppose 0 = -2*y - 4, 2 + 7 = -3*g + 3*y. Let z be h(g). Let f be (8/3)/(z/(-12)). Calculate o(f).
-4
Suppose -99 = -5*f + 121. Let y = 40 - f. Let x(g) = 2*g + 1 + 4 + 0*g. Determine x(y).
-3
Suppose 0 = 7*o - 2*o + 30. Let r(s) = -s**3 + s**2 + s. Let p(b) = 2*b**3 - 8*b**2 + 3*b + 1. Let a(j) = -p(j) - 3*r(j). Give a(o).
-1
Let a(w) = w**2 + 9*w + 6. Suppose -p = 2*u - 0*p + 14, 0 = -u + 4*p - 25. What is a(u)?
6
Let y(k) = k**2 + 7*k - 19. Let i(d) = 10*d + 41. Let t be i(-5). What is y(t)?
-1
Let t(i) = -3*i**2 + 10*i - 2. Let x(j) = 2*j**2 - 3*j + 1. Let h(v) = t(v) + x(v). Suppose 23 + 5 = 4*y. What is h(y)?
-1
Let o(x) be the third derivative of -x**7/840 + x**6/60 + 7*x**5/120 + 11*x**3/6 + 5*x**2 + 6. Let k(b) be the first derivative of o(b). What is k(7)?
0
Let n(p) = 13*p**3 - 28*p**2 - 27*p - 25. Let x(k) = -3*k**3 + 7*k**2 + 7*k + 6. Let b(d) = 2*n(d) + 9*x(d). What is b(8)?
12
Let w(k) = -31*k**2. Let u(f) = f**3 - 12*f**2 + 24*f + 28. Let h be u(9). Determine w(h).
-31
Let j = -1329 + 1347. Let m(n) = 2*n**2 - 35*n - 22. Determine m(j).
-4
Let t(r) = r**3 + 13*r**2 + 12*r + 1. Suppose 2*q = -5*v - 14, -28 - 2 = 2*q - 3*v. Calculate t(q).
1
Let d(a) = 11*a**2 + a - 2. Let u(i) = 3*i**3 - 88*i**2 + 28*i + 30. Let t be u(29). Determine d(t).
10
Let u(p) = p**2 - 7*p - 5. Suppose c + 5*o + 94 = 0, 9*o + 88 = -c + 7*o. Let g be c/(-18)*12/14. Determine u(g).
-17
Let m(p) = -p**2 + 3*p - 2. Let k(y) = -2*y**2 + 8*y - 5. Let i(s) = -3*k(s) + 7*m(s). Give i(-4).
-3
Let g(u) be the second derivative of -u**5/60 + u**3/6 - u. Let n(r) be the second derivative of g(r). Suppose -625*a - 36 = -613*a. What is n(a)?
6
Suppose r - 11 = 4*l + 1, -6 = 2*l + 4*r. Let z(b) = -190*b - 175*b - 4 - 190*b + b**2 + 556*b. What is z(l)?
2
Let c(h) be the second derivative of h**4/12 + 3*h. Let d be (-1)/2 - (52/(-8) + 3). Calculate c(d).
9
Let j(y) = y**3 + 5*y**2 - 2*y - 2. Let g be j(-5). Let q be 10/g - 2/8. Let h(m) = 8*m - 1 - 25*m + 12*m - 3*m**2 + 6*m. Give h(q).
-3
Suppose -f - 1 = 3*n + 2, 2*f - 3*n - 21 = 0. Let o(p) = -2*p**2 + 9*p - 9. Determine o(f).
-27
Let l(p) = 14*p - 228. Let s be l(16). Let u(a) be the second derivative of a + 2*a**2 + 1/2*a**3 + 0. What is u(s)?
-8
Let k(z) = z**3 - 6*z**2 - 8*z - 8. Let w be 140/(-40)*(-2 - 0). Calculate k(w).
-15
Let z(t) = -5*t + 124. Suppose -2*w + 42 = i, 18 = 2*w - 4*i - 44. Determine z(w).
9
Let x(q) = -q**2 + q + 13. Let t be 1/(-3) + (-2)/(-6). Let m be x(t). Let k = m + -14. Let b(r) = 14*r**2. What is b(k)?
14
Let b(w) be the first derivative of w**3/6 + 3*w**2/2 - 38*w + 16. Let u(c) be the first derivative of b(c). Calculate u(3).
6
Let m(s) = -s - 6. Let k = -291 + 289. Calculate m(k).
-4
Let u(p) = -3*p**2 - p + 1. Suppose 0 = -5*v - 0*s + 4*s + 10, -s + 11 = v. Let g be -3 - 1 - (-11 + v). Calculate u(g).
-3
Suppose 0 = -h - 3*k - 4, -2*k - 29 = -5*h + 2. Let b(x) be the third derivative of x**6/120 - x**5/10 + x**4/8 + x**3/3 - x**2. Determine b(h).
-8
Let v(w) = 3*w**2 - 11 + 1 - 8. Give v(0).
-18
Let s(c) = -2*c + 7. Let b(h) = -202 + 405 - 200 - h. Suppose -4*d = -2*a - 26, 4*a - 2*d = 2*d - 52. Let q(u) = a*b(u) + 6*s(u). Calculate q(0).
3
Let i(h) = 8*h + 3 - h**2 - 7*h + 4 + 0*h. Give i(5).
-13
Let o(j) = 5*j - 1. Let h = 30 - 25. Suppose -6*u = -u + h. What is o(u)?
-6
Let o(l) = 2*l - 6. Let x be o(4). Suppose -x*k - 5 = -2*a + 3, 0 = -4*a - 2*k - 2. Let r(h) = 7*h + 1. Calculate r(a).
8
Let h(w) = w**2 - 8*w + 2. Let m = 443 + -435. Calculate h(m).
2
Let t be 0 + 3 + 42/(-3). Let g = t + 24. Suppose 5*d + g - 18 = 0. Let p(o) = o**3 - 2*o + 1. Calculate p(d).
0
Suppose -3*r + 165 - 171 = 0. Let g(o) = -3*o**2 + o + 2. Let h(m) = m**3 - 7*m**2 + 2*m + 4. Let f(c) = r*h(c) + 5*g(c). Determine f(-2).
12
Let t be (-8)/(-2)*3/(-2). Let l(i) = -i**2 - 2*i + 11. Determine l(t).
-13
Let p(l) be the first derivative of -l**3/3 + 5*l**2/2 - 2*l - 1. Let z be 3/(-1)*6/9. Let i be -4 - (3 - -13)/z. Give p(i).
2
Let v(a) = -a**3 - 4*a**2 - 1. Suppose -18*w - 70 = -16. Calculate v(w).
-10
Suppose -2*u + 5*t = 19, t - 14 = 2*u - 3*t. Let r(l) = -7*l + u - 4 + 0. Give r(-1).
6
Let r = -93 + 97. Suppose x + 10 = -2*q, -r*x + q = x + 6. Let j(w) = w**3 + 3*w**2 + 3*w. Determine j(x).
-2
Let r(n) = n**3 - 21*n**2 - 5. Suppose -4*l + 23*l = 399. Calculate r(l).
-5
Suppose -4*b + 2*b - 4*o + 18 = 0, -3*b = o - 17. Let c be ((-4)/b)/((-2)/5). Let r(u) = 2*u**3 - 3 - 6*u**c - 2 + 2*u**3 - 3*u**3. Determine r(6).
-5
Let k(x) = -10*x + 1. Let n(g) = -22*g + 3. Let u(r) = -5*k(r) + 2*n(r). Calculate u(-3).
-17
Let d(y) be the first derivative of y**7/840 + y**6/45 - y**5/120 - 9*y**3 + 9. Let k(s) be the third derivative of d(s). What is k(-8)?
8
Let h(l) be the third derivative of -l**6/120 - l**5/6 - l**4/4 + 5*l**3 + 244*l**2. Determine h(-9).
3
Let d(j) be the third derivative of -j**6/120 + 13*j**5/60 + 13*j**4/24 + 13*j**3/3 + 633*j**2. Give d(14).
12
Let x(p) = -3*p**2 - 17*p + 18. Let m(q) = -2*q**2 - 16*q + 17. Let b(o) = -4*m(o) + 3*x(o). Give b(12).
-2
Let w = 73/60 - 21/20. Let p(t) be the third derivative of 0*t - w*t**3 + 0 + 1/8*t**4 + 2*t**2. Calculate p(-4).
-13
Let f = 11 + -15. Let s = 8 + f. Let w(q) = 4*q - 5. Give w(s).
11
Let k = 7 - 9. Let y(g) be the second derivative of g**4/24 + g**3/3 + 2*g**2 - g. Let p(n) be the first derivative of y(n). Calculate p(k).
0
Suppose 22 = -4*t - 6. Let d(x) = x**3 + 8*x**2 + 8*x + 6. Calculate d(t).
-1
Let i = 34 - 19. Suppose i = -4*l + b, l + 3 = -2*l - 2*b. Let q(m) = -6*m**2 + 4*m - 4. Let k(r) = -7*r**2 + 5*r - 5. Let o(w) = -5*k(w) + 6*q(w). Give o(l).
-5
Suppose 6 = -231*t + 232*t. Let r(l) = 6*l**3 - 11*l**2 - 5*l - 5. Le